{"id":17,"date":"2020-03-25T15:49:37","date_gmt":"2020-03-25T15:49:37","guid":{"rendered":"https:\/\/fabrique.gaengeviertel.de\/?page_id=17"},"modified":"2020-04-29T17:04:37","modified_gmt":"2020-04-29T17:04:37","slug":"das-gaengeviertel","status":"publish","type":"page","link":"https:\/\/fabrique.gaengeviertel.de\/index.php\/das-gaengeviertel\/","title":{"rendered":"Das G\u00e4ngeviertel"},"content":{"rendered":"\t\t<div data-elementor-type=\"wp-page\" data-elementor-id=\"17\" class=\"elementor elementor-17\">\n\t\t\t\t\t\t<section class=\"elementor-section elementor-top-section elementor-element elementor-element-9a508aa elementor-section-boxed elementor-section-height-default elementor-section-height-default\" data-id=\"9a508aa\" data-element_type=\"section\">\n\t\t\t\t\t\t<div class=\"elementor-container elementor-column-gap-default\">\n\t\t\t\t\t<div class=\"elementor-column elementor-col-66 elementor-top-column elementor-element elementor-element-94374ad\" data-id=\"94374ad\" data-element_type=\"column\">\n\t\t\t<div class=\"elementor-widget-wrap elementor-element-populated\">\n\t\t\t\t\t\t<div class=\"elementor-element elementor-element-208fc7b elementor-widget elementor-widget-text-editor\" data-id=\"208fc7b\" data-element_type=\"widget\" data-widget_type=\"text-editor.default\">\n\t\t\t\t<div class=\"elementor-widget-container\">\n\t\t\t\t\t\t\t\t\t<p><a href=\"http:\/\/das-gaengeviertel.info\/\">Das G\u00e4ngeviertel<\/a> und die <a href=\"http:\/\/das-gaengeviertel.info\/\">Initiative &#8222;Komm in die G\u00e4nge&#8220;<\/a> ist ein selbstverwaltetes Kultur-Kollektiv, ans\u00e4ssig in 13 H\u00e4usern mitten in der Hamburger Innenstadt. Auf 7500 m\u00b2 vereinen wir 350 Jahre denkmalgesch\u00fctzte Baukultur mit aktueller (Sub)kultur und f\u00fcllen diesen Raum mit Ateliers, Werkst\u00e4tten, Seminar- und Gruppenr\u00e4umen, Veranstaltungsr\u00e4umen und Wohnungen.<\/p>\t\t\t\t\t\t\t\t<\/div>\n\t\t\t\t<\/div>\n\t\t\t\t\t<\/div>\n\t\t<\/div>\n\t\t\t\t<div class=\"elementor-column elementor-col-33 elementor-top-column elementor-element elementor-element-6c08b4c\" data-id=\"6c08b4c\" data-element_type=\"column\">\n\t\t\t<div class=\"elementor-widget-wrap elementor-element-populated\">\n\t\t\t\t\t\t<div class=\"elementor-element elementor-element-6d48144 elementor-widget elementor-widget-image\" data-id=\"6d48144\" data-element_type=\"widget\" data-widget_type=\"image.default\">\n\t\t\t\t<div class=\"elementor-widget-container\">\n\t\t\t\t\t\t\t\t\t\t\t\t\t\t\t\t<a href=\"http:\/\/das-gaengeviertel.info\/\">\n\t\t\t\t\t\t\t<img decoding=\"async\" width=\"150\" height=\"150\" src=\"https:\/\/fabrique.gaengeviertel.de\/wp-content\/uploads\/2020\/04\/GV_LOGO-300dpi_50mm_CMYK-150x150.png\" class=\"attachment-thumbnail size-thumbnail wp-image-513\" alt=\"\" srcset=\"https:\/\/fabrique.gaengeviertel.de\/wp-content\/uploads\/2020\/04\/GV_LOGO-300dpi_50mm_CMYK-150x150.png 150w, https:\/\/fabrique.gaengeviertel.de\/wp-content\/uploads\/2020\/04\/GV_LOGO-300dpi_50mm_CMYK-300x300.png 300w, https:\/\/fabrique.gaengeviertel.de\/wp-content\/uploads\/2020\/04\/GV_LOGO-300dpi_50mm_CMYK-e1587385592177.png 200w\" sizes=\"(max-width: 150px) 100vw, 150px\" \/>\t\t\t\t\t\t\t\t<\/a>\n\t\t\t\t\t\t\t\t\t\t\t\t\t\t\t<\/div>\n\t\t\t\t<\/div>\n\t\t\t\t\t<\/div>\n\t\t<\/div>\n\t\t\t\t\t<\/div>\n\t\t<\/section>\n\t\t\t\t<section class=\"elementor-section elementor-top-section elementor-element elementor-element-10c83d7 elementor-section-boxed elementor-section-height-default elementor-section-height-default\" data-id=\"10c83d7\" data-element_type=\"section\">\n\t\t\t\t\t\t<div class=\"elementor-container elementor-column-gap-default\">\n\t\t\t\t\t<div class=\"elementor-column elementor-col-66 elementor-top-column elementor-element elementor-element-ec4def2\" data-id=\"ec4def2\" data-element_type=\"column\">\n\t\t\t<div class=\"elementor-widget-wrap elementor-element-populated\">\n\t\t\t\t\t\t<div class=\"elementor-element elementor-element-cdb4ec8 elementor-widget elementor-widget-video\" data-id=\"cdb4ec8\" data-element_type=\"widget\" data-settings=\"{&quot;youtube_url&quot;:&quot;https:\\\/\\\/www.youtube.com\\\/watch?v=GnH7VEtmv8U&quot;,&quot;video_type&quot;:&quot;youtube&quot;,&quot;controls&quot;:&quot;yes&quot;}\" data-widget_type=\"video.default\">\n\t\t\t\t<div class=\"elementor-widget-container\">\n\t\t\t\t\t\t\t<div class=\"elementor-wrapper elementor-open-inline\">\n\t\t\t<div class=\"elementor-video\"><\/div>\t\t<\/div>\n\t\t\t\t\t\t<\/div>\n\t\t\t\t<\/div>\n\t\t\t\t<div class=\"elementor-element elementor-element-8254038 elementor-widget elementor-widget-text-editor\" data-id=\"8254038\" data-element_type=\"widget\" data-widget_type=\"text-editor.default\">\n\t\t\t\t<div class=\"elementor-widget-container\">\n\t\t\t\t\t\t\t\t\t<p>Um diesen ganzen Wahnsinn zu verwalten, haben wir zwei Organisationen gegr\u00fcndet, einen <a href=\"http:\/\/das-gaengeviertel.info\/\">Verein<\/a> und eine <a href=\"http:\/\/gaengeviertel-eg.de\/\">Genossenschaft<\/a> und mit den Jahren immer mehr Verantwortung \u00fcbernommen.\u00a0<\/p>\t\t\t\t\t\t\t\t<\/div>\n\t\t\t\t<\/div>\n\t\t\t\t\t<\/div>\n\t\t<\/div>\n\t\t\t\t<div class=\"elementor-column elementor-col-33 elementor-top-column elementor-element elementor-element-f8647a0\" data-id=\"f8647a0\" data-element_type=\"column\">\n\t\t\t<div class=\"elementor-widget-wrap elementor-element-populated\">\n\t\t\t\t\t\t<div class=\"elementor-element elementor-element-32d5ba4 elementor-widget elementor-widget-text-editor\" data-id=\"32d5ba4\" data-element_type=\"widget\" data-widget_type=\"text-editor.default\">\n\t\t\t\t<div class=\"elementor-widget-container\">\n\t\t\t\t\t\t\t\t\t<p>Wir organisieren im Jahr ca. 150 musikalische Veranstaltungen, davon viele Konzerte mit Nachwuchsk\u00fcnstler*innen, und ungef\u00e4hr 200 kulturelle Veranstaltungen in den Bereichen Film, Bildende Kunst, Tanz, Theater, Literatur und Politik. Hinzu kommen unz\u00e4hlige interne Treffen von Gruppen verschiedensten freiwilligen Engagements.<br>Unserer Kernanliegen ist es, Kultur und Bildung f\u00fcr alle Menschen zug\u00e4nglich zu machen und sie einzuladen daran selbst aktiv teilzuhaben \u2013 unabh\u00e4ngig von ihrer \u00f6konomischen Situation. Deshalb arbeiten wir fast alle &#8211; auch nach 10 Jahren immer noch \u2013 ehrenamtlich und jede*r Besucher*in kann den Preis von Eintritt und Getr\u00e4nk selbst bestimmen.&nbsp;<\/p>\t\t\t\t\t\t\t\t<\/div>\n\t\t\t\t<\/div>\n\t\t\t\t\t<\/div>\n\t\t<\/div>\n\t\t\t\t\t<\/div>\n\t\t<\/section>\n\t\t\t\t<\/div>\n\t\t","protected":false},"excerpt":{"rendered":"<p>Das G\u00e4ngeviertel und die Initiative &#8222;Komm in die G\u00e4nge&#8220; ist ein selbstverwaltetes Kultur-Kollektiv, ans\u00e4ssig in 13 H\u00e4usern mitten in der Hamburger Innenstadt. Auf 7500 m\u00b2 [&#8230;]<\/p>\n","protected":false},"author":2,"featured_media":0,"parent":0,"menu_order":0,"comment_status":"closed","ping_status":"closed","template":"","meta":{"footnotes":""},"class_list":["post-17","page","type-page","status-publish","hentry"],"_links":{"self":[{"href":"https:\/\/fabrique.gaengeviertel.de\/index.php\/wp-json\/wp\/v2\/pages\/17","targetHints":{"allow":["GET"]}}],"collection":[{"href":"https:\/\/fabrique.gaengeviertel.de\/index.php\/wp-json\/wp\/v2\/pages"}],"about":[{"href":"https:\/\/fabrique.gaengeviertel.de\/index.php\/wp-json\/wp\/v2\/types\/page"}],"author":[{"embeddable":true,"href":"https:\/\/fabrique.gaengeviertel.de\/index.php\/wp-json\/wp\/v2\/users\/2"}],"replies":[{"embeddable":true,"href":"https:\/\/fabrique.gaengeviertel.de\/index.php\/wp-json\/wp\/v2\/comments?post=17"}],"version-history":[{"count":10,"href":"https:\/\/fabrique.gaengeviertel.de\/index.php\/wp-json\/wp\/v2\/pages\/17\/revisions"}],"predecessor-version":[{"id":603,"href":"https:\/\/fabrique.gaengeviertel.de\/index.php\/wp-json\/wp\/v2\/pages\/17\/revisions\/603"}],"wp:attachment":[{"href":"https:\/\/fabrique.gaengeviertel.de\/index.php\/wp-json\/wp\/v2\/media?parent=17"}],"curies":[{"name":"wp","href":"https:\/\/api.w.org\/{rel}","templated":true}]}}

Das Gängeviertel

<div data-elementor-type="wp-page" data-elementor-id="17" class="elementor elementor-17">
						<section class="elementor-section elementor-top-section elementor-element elementor-element-9a508aa elementor-section-boxed elementor-section-height-default elementor-section-height-default" data-id="9a508aa" data-element_type="section">
						<div class="elementor-container elementor-column-gap-default">
					<div class="elementor-column elementor-col-66 elementor-top-column elementor-element elementor-element-94374ad" data-id="94374ad" data-element_type="column">
			<div class="elementor-widget-wrap elementor-element-populated">
						<div class="elementor-element elementor-element-208fc7b elementor-widget elementor-widget-text-editor" data-id="208fc7b" data-element_type="widget" data-widget_type="text-editor.default">
				<div class="elementor-widget-container">
									<p><a href="http://das-gaengeviertel.info/">Das Gängeviertel</a> und die <a href="http://das-gaengeviertel.info/">Initiative &#8222;Komm in die Gänge&#8220;</a> ist ein selbstverwaltetes Kultur-Kollektiv, ansässig in 13 Häusern mitten in der Hamburger Innenstadt. Auf 7500 m² vereinen wir 350 Jahre denkmalgeschützte Baukultur mit aktueller (Sub)kultur und füllen diesen Raum mit Ateliers, Werkstätten, Seminar- und Gruppenräumen, Veranstaltungsräumen und Wohnungen.</p>								</div>
				</div>
					</div>
		</div>
				<div class="elementor-column elementor-col-33 elementor-top-column elementor-element elementor-element-6c08b4c" data-id="6c08b4c" data-element_type="column">
			<div class="elementor-widget-wrap elementor-element-populated">
						<div class="elementor-element elementor-element-6d48144 elementor-widget elementor-widget-image" data-id="6d48144" data-element_type="widget" data-widget_type="image.default">
				<div class="elementor-widget-container">
																<a href="http://das-gaengeviertel.info/">
							<img decoding="async" width="150" height="150" src="https://fabrique.gaengeviertel.de/wp-content/uploads/2020/04/GV_LOGO-300dpi_50mm_CMYK-150x150.png" class="attachment-thumbnail size-thumbnail wp-image-513" alt="" srcset="https://fabrique.gaengeviertel.de/wp-content/uploads/2020/04/GV_LOGO-300dpi_50mm_CMYK-150x150.png 150w, https://fabrique.gaengeviertel.de/wp-content/uploads/2020/04/GV_LOGO-300dpi_50mm_CMYK-300x300.png 300w, https://fabrique.gaengeviertel.de/wp-content/uploads/2020/04/GV_LOGO-300dpi_50mm_CMYK-e1587385592177.png 200w" sizes="(max-width: 150px) 100vw, 150px" />								</a>
															</div>
				</div>
					</div>
		</div>
					</div>
		</section>
				<section class="elementor-section elementor-top-section elementor-element elementor-element-10c83d7 elementor-section-boxed elementor-section-height-default elementor-section-height-default" data-id="10c83d7" data-element_type="section">
						<div class="elementor-container elementor-column-gap-default">
					<div class="elementor-column elementor-col-66 elementor-top-column elementor-element elementor-element-ec4def2" data-id="ec4def2" data-element_type="column">
			<div class="elementor-widget-wrap elementor-element-populated">
						<div class="elementor-element elementor-element-cdb4ec8 elementor-widget elementor-widget-video" data-id="cdb4ec8" data-element_type="widget" data-settings="{&quot;youtube_url&quot;:&quot;https:\/\/www.youtube.com\/watch?v=GnH7VEtmv8U&quot;,&quot;video_type&quot;:&quot;youtube&quot;,&quot;controls&quot;:&quot;yes&quot;}" data-widget_type="video.default">
				<div class="elementor-widget-container">
							<div class="elementor-wrapper elementor-open-inline">
			<div class="elementor-video"></div>		</div>
						</div>
				</div>
				<div class="elementor-element elementor-element-8254038 elementor-widget elementor-widget-text-editor" data-id="8254038" data-element_type="widget" data-widget_type="text-editor.default">
				<div class="elementor-widget-container">
									<p>Um diesen ganzen Wahnsinn zu verwalten, haben wir zwei Organisationen gegründet, einen <a href="http://das-gaengeviertel.info/">Verein</a> und eine <a href="http://gaengeviertel-eg.de/">Genossenschaft</a> und mit den Jahren immer mehr Verantwortung übernommen. </p>								</div>
				</div>
					</div>
		</div>
				<div class="elementor-column elementor-col-33 elementor-top-column elementor-element elementor-element-f8647a0" data-id="f8647a0" data-element_type="column">
			<div class="elementor-widget-wrap elementor-element-populated">
						<div class="elementor-element elementor-element-32d5ba4 elementor-widget elementor-widget-text-editor" data-id="32d5ba4" data-element_type="widget" data-widget_type="text-editor.default">
				<div class="elementor-widget-container">
									<p>Wir organisieren im Jahr ca. 150 musikalische Veranstaltungen, davon viele Konzerte mit Nachwuchskünstler*innen, und ungefähr 200 kulturelle Veranstaltungen in den Bereichen Film, Bildende Kunst, Tanz, Theater, Literatur und Politik. Hinzu kommen unzählige interne Treffen von Gruppen verschiedensten freiwilligen Engagements.<br>Unserer Kernanliegen ist es, Kultur und Bildung für alle Menschen zugänglich zu machen und sie einzuladen daran selbst aktiv teilzuhaben – unabhängig von ihrer ökonomischen Situation. Deshalb arbeiten wir fast alle &#8211; auch nach 10 Jahren immer noch – ehrenamtlich und jede*r Besucher*in kann den Preis von Eintritt und Getränk selbst bestimmen.&nbsp;</p>								</div>
				</div>
					</div>
		</div>
					</div>
		</section>
				</div>

<p>Das Gängeviertel und die Initiative &#8222;Komm in die Gänge&#8220; ist ein selbstverwaltetes Kultur-Kollektiv, ansässig in 13 Häusern mitten in der Hamburger Innenstadt. Auf 7500 m² [&#8230;]</p>
