{"id":18,"date":"2020-03-25T15:49:37","date_gmt":"2020-03-25T15:49:37","guid":{"rendered":"https:\/\/fabrique.gaengeviertel.de\/?page_id=18"},"modified":"2020-04-29T18:09:07","modified_gmt":"2020-04-29T18:09:07","slug":"geschichte","status":"publish","type":"page","link":"https:\/\/fabrique.gaengeviertel.de\/index.php\/geschichte\/","title":{"rendered":"Geschichte"},"content":{"rendered":"\t\t<div data-elementor-type=\"wp-page\" data-elementor-id=\"18\" class=\"elementor elementor-18\">\n\t\t\t\t\t\t<section class=\"elementor-section elementor-top-section elementor-element elementor-element-c8287d5 elementor-section-boxed elementor-section-height-default elementor-section-height-default\" data-id=\"c8287d5\" data-element_type=\"section\">\n\t\t\t\t\t\t<div class=\"elementor-container elementor-column-gap-default\">\n\t\t\t\t\t<div class=\"elementor-column elementor-col-66 elementor-top-column elementor-element elementor-element-0cfd2ca\" data-id=\"0cfd2ca\" data-element_type=\"column\">\n\t\t\t<div class=\"elementor-widget-wrap elementor-element-populated\">\n\t\t\t\t\t\t<div class=\"elementor-element elementor-element-8d281d5 elementor-widget elementor-widget-heading\" data-id=\"8d281d5\" data-element_type=\"widget\" data-widget_type=\"heading.default\">\n\t\t\t\t<div class=\"elementor-widget-container\">\n\t\t\t\t\t<h2 class=\"elementor-heading-title elementor-size-default\">Geschichte der Fabrique<\/h2>\t\t\t\t<\/div>\n\t\t\t\t<\/div>\n\t\t\t\t<div class=\"elementor-element elementor-element-91a5e98 elementor-widget elementor-widget-text-editor\" data-id=\"91a5e98\" data-element_type=\"widget\" data-widget_type=\"text-editor.default\">\n\t\t\t\t<div class=\"elementor-widget-container\">\n\t\t\t\t\t\t\t\t\t<p><br \/>Die Fabrique wurde 1903 von dem G\u00fcrtler und Plattierer Johann C.S. Amsberg errichtet. Das f\u00fcnfschossige Geb\u00e4ude mit seinen rund 1700 Quadratmetern erlebte seitdem verschiedene Nutzungen: Hier wurden Papiere, sp\u00e4ter G\u00fcrtel und Schnallen hergestellt. Bereits in den 1980er Jahren nutzten K\u00fcnstlerInnen die R\u00e4ume als Ateliers.<\/p><p>Architektonisch weist das historische Geb\u00e4ude einige Besonderheiten auf. Keramikklinker umfassen die St\u00fcrze der Fenster, im Dachgeschoss enden diese in gotischen Spitzb\u00f6gen. Zwei heute noch funktionst\u00e4tige Kranbalken mit den zugeh\u00f6rigen Handwinkeln und Kurbeln zeugen noch von der einstigen Nutzung.<\/p>\t\t\t\t\t\t\t\t<\/div>\n\t\t\t\t<\/div>\n\t\t\t\t\t<\/div>\n\t\t<\/div>\n\t\t\t\t<div class=\"elementor-column elementor-col-33 elementor-top-column elementor-element elementor-element-bab306f\" data-id=\"bab306f\" data-element_type=\"column\">\n\t\t\t<div class=\"elementor-widget-wrap elementor-element-populated\">\n\t\t\t\t\t\t<div class=\"elementor-element elementor-element-2e81dfd elementor-widget elementor-widget-image\" data-id=\"2e81dfd\" data-element_type=\"widget\" data-widget_type=\"image.default\">\n\t\t\t\t<div class=\"elementor-widget-container\">\n\t\t\t\t\t\t\t\t\t\t\t\t\t\t\t<img decoding=\"async\" src=\"https:\/\/fabrique.gaengeviertel.de\/wp-content\/uploads\/elementor\/thumbs\/Amsberg-Anzeige-e1587571213575-oog7pm9o7r45ovvx0bgf8f59nbph3komhqqxcv024w.png\" title=\"J.C.S. Amsberg Anzeige\" alt=\"J.C.S. Amsberg Anzeige\" loading=\"lazy\" \/>\t\t\t\t\t\t\t\t\t\t\t\t\t\t\t<\/div>\n\t\t\t\t<\/div>\n\t\t\t\t\t<\/div>\n\t\t<\/div>\n\t\t\t\t\t<\/div>\n\t\t<\/section>\n\t\t\t\t<section class=\"elementor-section elementor-top-section elementor-element elementor-element-65d98af elementor-section-boxed elementor-section-height-default elementor-section-height-default\" data-id=\"65d98af\" data-element_type=\"section\">\n\t\t\t\t\t\t<div class=\"elementor-container elementor-column-gap-default\">\n\t\t\t\t\t<div class=\"elementor-column elementor-col-66 elementor-top-column elementor-element elementor-element-750812c\" data-id=\"750812c\" data-element_type=\"column\">\n\t\t\t<div class=\"elementor-widget-wrap elementor-element-populated\">\n\t\t\t\t\t\t<div class=\"elementor-element elementor-element-f18de05 elementor-arrows-position-inside elementor-widget elementor-widget-image-carousel\" data-id=\"f18de05\" data-element_type=\"widget\" data-settings=\"{&quot;slides_to_show&quot;:&quot;1&quot;,&quot;navigation&quot;:&quot;arrows&quot;,&quot;autoplay&quot;:&quot;no&quot;,&quot;infinite&quot;:&quot;no&quot;,&quot;effect&quot;:&quot;fade&quot;,&quot;speed&quot;:500}\" data-widget_type=\"image-carousel.default\">\n\t\t\t\t<div class=\"elementor-widget-container\">\n\t\t\t\t\t\t\t<div class=\"elementor-image-carousel-wrapper swiper\" role=\"region\" aria-roledescription=\"carousel\" aria-label=\"Bild Karussell\" dir=\"ltr\">\n\t\t\t<div class=\"elementor-image-carousel swiper-wrapper\" aria-live=\"polite\">\n\t\t\t\t\t\t\t\t<div class=\"swiper-slide\" role=\"group\" aria-roledescription=\"slide\" aria-label=\"1 von 2\"><figure class=\"swiper-slide-inner\"><img decoding=\"async\" class=\"swiper-slide-image\" src=\"https:\/\/fabrique.gaengeviertel.de\/wp-content\/uploads\/2020\/04\/10.08.10_Fassaden_3_008-1024x699.jpg\" alt=\"Copyright: Franziska Holz\" \/><\/figure><\/div><div class=\"swiper-slide\" role=\"group\" aria-roledescription=\"slide\" aria-label=\"2 von 2\"><figure class=\"swiper-slide-inner\"><img decoding=\"async\" class=\"swiper-slide-image\" src=\"https:\/\/fabrique.gaengeviertel.de\/wp-content\/uploads\/2020\/04\/16.03.08_GV_Fabrik_173-1024x726.jpg\" alt=\"Copyright: Franziska Holz\" \/><\/figure><\/div>\t\t\t<\/div>\n\t\t\t\t\t\t\t\t\t\t\t\t<div class=\"elementor-swiper-button elementor-swiper-button-prev\" role=\"button\" tabindex=\"0\">\n\t\t\t\t\t\t<i aria-hidden=\"true\" class=\"eicon-chevron-left\"><\/i>\t\t\t\t\t<\/div>\n\t\t\t\t\t<div class=\"elementor-swiper-button elementor-swiper-button-next\" role=\"button\" tabindex=\"0\">\n\t\t\t\t\t\t<i aria-hidden=\"true\" class=\"eicon-chevron-right\"><\/i>\t\t\t\t\t<\/div>\n\t\t\t\t\n\t\t\t\t\t\t\t\t\t<\/div>\n\t\t\t\t\t\t<\/div>\n\t\t\t\t<\/div>\n\t\t\t\t\t<\/div>\n\t\t<\/div>\n\t\t\t\t<div class=\"elementor-column elementor-col-33 elementor-top-column elementor-element elementor-element-3b3bce5\" data-id=\"3b3bce5\" data-element_type=\"column\">\n\t\t\t<div class=\"elementor-widget-wrap elementor-element-populated\">\n\t\t\t\t\t\t<div class=\"elementor-element elementor-element-327c240 elementor-widget elementor-widget-text-editor\" data-id=\"327c240\" data-element_type=\"widget\" data-widget_type=\"text-editor.default\">\n\t\t\t\t<div class=\"elementor-widget-container\">\n\t\t\t\t\t\t\t\t\t<p>Seit 2009 fabriziert die Initiative \u201eKomm in die G\u00e4nge\u201c hier nun M\u00f6glichkeiten aller Art: handgemachte, utopische, k\u00fcnstlerische, partizipative oder experimentelle Formate zum Anfassen, Anschauen, Anh\u00f6ren oder Aufessen.<\/p><p>Im Rahmen der Sanierungsma\u00dfnahmen wurde das denkmalgesch\u00fctzte Geb\u00e4ude zum soziokulturellem Zentrum des G\u00e4ngeviertels umgebaut. Zur barrierefreien Erschlie\u00dfung wurden ein zweites Treppenhaus und ein Aufzug eingebaut.<\/p><p>Der Umbau der FABRIQUE fand im Rahmen der Sanierung des Ga\u0308ngeviertels statt und ist Bestandteil des <a href=\"http:\/\/suche.transparenz.hamburg.de\/dataset\/fortschreibung-integriertes-entwicklungskonzept-iek-gaengeviertel-valentinskamp-beschlu-12-2019?forceWeb=true\">Integrierten Entwicklungskonzeptes (IEK)<\/a>. Das IEK basiert auf dem Nutzungskonzept des Ga\u0308ngeviertels, das von der Initiative \u201eKomm in die Ga\u0308nge\u201c entwickelt wurde.<\/p>\t\t\t\t\t\t\t\t<\/div>\n\t\t\t\t<\/div>\n\t\t\t\t\t<\/div>\n\t\t<\/div>\n\t\t\t\t\t<\/div>\n\t\t<\/section>\n\t\t\t\t<section class=\"elementor-section elementor-top-section elementor-element elementor-element-69080c2 elementor-section-boxed elementor-section-height-default elementor-section-height-default\" data-id=\"69080c2\" data-element_type=\"section\">\n\t\t\t\t\t\t<div class=\"elementor-container elementor-column-gap-default\">\n\t\t\t\t\t<div class=\"elementor-column elementor-col-100 elementor-top-column elementor-element elementor-element-3905e0e\" data-id=\"3905e0e\" data-element_type=\"column\">\n\t\t\t<div class=\"elementor-widget-wrap elementor-element-populated\">\n\t\t\t\t\t\t<div class=\"elementor-element elementor-element-e3c66ab elementor-widget elementor-widget-text-editor\" data-id=\"e3c66ab\" data-element_type=\"widget\" data-widget_type=\"text-editor.default\">\n\t\t\t\t<div class=\"elementor-widget-container\">\n\t\t\t\t\t\t\t\t\t<p>Im M\u00e4rz 2016 \u00f6ffnete die FABRIQUE nach 18-monatiger Sanierung wieder ihre Tu\u0308ren. Der Hamburger Senat hat am 25. Juni 2019 den mit der<a href=\"https:\/\/gaengeviertel-eg.de\/\"> G\u00e4ngeviertel Genossenschaft 2010 eG<\/a> verhandelten <a href=\"http:\/\/suche.transparenz.hamburg.de\/dataset\/erbbaurechtsvertrag-gaengeviertel-vom-09-08-2019\">Erbbaurechtsvertrag<\/a> beschlossen, mit dem der G\u00e4ngeviertel Genossenschaft eG die Verantwortung f\u00fcr die Nutzung und Unterhaltung der Geb\u00e4ude des G\u00e4ngeviertels f\u00fcr die n\u00e4chsten 75 Jahre \u00fcbertragen wurde.<\/p>\t\t\t\t\t\t\t\t<\/div>\n\t\t\t\t<\/div>\n\t\t\t\t\t<\/div>\n\t\t<\/div>\n\t\t\t\t\t<\/div>\n\t\t<\/section>\n\t\t\t\t<\/div>\n\t\t","protected":false},"excerpt":{"rendered":"<p>Geschichte der Fabrique Die Fabrique wurde 1903 von dem G\u00fcrtler und Plattierer Johann C.S. Amsberg errichtet. Das f\u00fcnfschossige Geb\u00e4ude mit seinen rund 1700 Quadratmetern erlebte [&#8230;]<\/p>\n","protected":false},"author":2,"featured_media":0,"parent":0,"menu_order":0,"comment_status":"closed","ping_status":"closed","template":"","meta":{"footnotes":""},"class_list":["post-18","page","type-page","status-publish","hentry"],"_links":{"self":[{"href":"https:\/\/fabrique.gaengeviertel.de\/index.php\/wp-json\/wp\/v2\/pages\/18","targetHints":{"allow":["GET"]}}],"collection":[{"href":"https:\/\/fabrique.gaengeviertel.de\/index.php\/wp-json\/wp\/v2\/pages"}],"about":[{"href":"https:\/\/fabrique.gaengeviertel.de\/index.php\/wp-json\/wp\/v2\/types\/page"}],"author":[{"embeddable":true,"href":"https:\/\/fabrique.gaengeviertel.de\/index.php\/wp-json\/wp\/v2\/users\/2"}],"replies":[{"embeddable":true,"href":"https:\/\/fabrique.gaengeviertel.de\/index.php\/wp-json\/wp\/v2\/comments?post=18"}],"version-history":[{"count":19,"href":"https:\/\/fabrique.gaengeviertel.de\/index.php\/wp-json\/wp\/v2\/pages\/18\/revisions"}],"predecessor-version":[{"id":633,"href":"https:\/\/fabrique.gaengeviertel.de\/index.php\/wp-json\/wp\/v2\/pages\/18\/revisions\/633"}],"wp:attachment":[{"href":"https:\/\/fabrique.gaengeviertel.de\/index.php\/wp-json\/wp\/v2\/media?parent=18"}],"curies":[{"name":"wp","href":"https:\/\/api.w.org\/{rel}","templated":true}]}}

<div data-elementor-type="wp-page" data-elementor-id="18" class="elementor elementor-18">
						<section class="elementor-section elementor-top-section elementor-element elementor-element-c8287d5 elementor-section-boxed elementor-section-height-default elementor-section-height-default" data-id="c8287d5" data-element_type="section">
						<div class="elementor-container elementor-column-gap-default">
					<div class="elementor-column elementor-col-66 elementor-top-column elementor-element elementor-element-0cfd2ca" data-id="0cfd2ca" data-element_type="column">
			<div class="elementor-widget-wrap elementor-element-populated">
						<div class="elementor-element elementor-element-8d281d5 elementor-widget elementor-widget-heading" data-id="8d281d5" data-element_type="widget" data-widget_type="heading.default">
				<div class="elementor-widget-container">
					<h2 class="elementor-heading-title elementor-size-default">Geschichte der Fabrique</h2>				</div>
				</div>
				<div class="elementor-element elementor-element-91a5e98 elementor-widget elementor-widget-text-editor" data-id="91a5e98" data-element_type="widget" data-widget_type="text-editor.default">
				<div class="elementor-widget-container">
									<p><br />Die Fabrique wurde 1903 von dem Gürtler und Plattierer Johann C.S. Amsberg errichtet. Das fünfschossige Gebäude mit seinen rund 1700 Quadratmetern erlebte seitdem verschiedene Nutzungen: Hier wurden Papiere, später Gürtel und Schnallen hergestellt. Bereits in den 1980er Jahren nutzten KünstlerInnen die Räume als Ateliers.</p><p>Architektonisch weist das historische Gebäude einige Besonderheiten auf. Keramikklinker umfassen die Stürze der Fenster, im Dachgeschoss enden diese in gotischen Spitzbögen. Zwei heute noch funktionstätige Kranbalken mit den zugehörigen Handwinkeln und Kurbeln zeugen noch von der einstigen Nutzung.</p>								</div>
				</div>
					</div>
		</div>
				<div class="elementor-column elementor-col-33 elementor-top-column elementor-element elementor-element-bab306f" data-id="bab306f" data-element_type="column">
			<div class="elementor-widget-wrap elementor-element-populated">
						<div class="elementor-element elementor-element-2e81dfd elementor-widget elementor-widget-image" data-id="2e81dfd" data-element_type="widget" data-widget_type="image.default">
				<div class="elementor-widget-container">
															<img decoding="async" src="https://fabrique.gaengeviertel.de/wp-content/uploads/elementor/thumbs/Amsberg-Anzeige-e1587571213575-oog7pm9o7r45ovvx0bgf8f59nbph3komhqqxcv024w.png" title="J.C.S. Amsberg Anzeige" alt="J.C.S. Amsberg Anzeige" loading="lazy" />															</div>
				</div>
					</div>
		</div>
					</div>
		</section>
				<section class="elementor-section elementor-top-section elementor-element elementor-element-65d98af elementor-section-boxed elementor-section-height-default elementor-section-height-default" data-id="65d98af" data-element_type="section">
						<div class="elementor-container elementor-column-gap-default">
					<div class="elementor-column elementor-col-66 elementor-top-column elementor-element elementor-element-750812c" data-id="750812c" data-element_type="column">
			<div class="elementor-widget-wrap elementor-element-populated">
						<div class="elementor-element elementor-element-f18de05 elementor-arrows-position-inside elementor-widget elementor-widget-image-carousel" data-id="f18de05" data-element_type="widget" data-settings="{&quot;slides_to_show&quot;:&quot;1&quot;,&quot;navigation&quot;:&quot;arrows&quot;,&quot;autoplay&quot;:&quot;no&quot;,&quot;infinite&quot;:&quot;no&quot;,&quot;effect&quot;:&quot;fade&quot;,&quot;speed&quot;:500}" data-widget_type="image-carousel.default">
				<div class="elementor-widget-container">
							<div class="elementor-image-carousel-wrapper swiper" role="region" aria-roledescription="carousel" aria-label="Bild Karussell" dir="ltr">
			<div class="elementor-image-carousel swiper-wrapper" aria-live="polite">
								<div class="swiper-slide" role="group" aria-roledescription="slide" aria-label="1 von 2"><figure class="swiper-slide-inner"><img decoding="async" class="swiper-slide-image" src="https://fabrique.gaengeviertel.de/wp-content/uploads/2020/04/10.08.10_Fassaden_3_008-1024x699.jpg" alt="Copyright: Franziska Holz" /></figure></div><div class="swiper-slide" role="group" aria-roledescription="slide" aria-label="2 von 2"><figure class="swiper-slide-inner"><img decoding="async" class="swiper-slide-image" src="https://fabrique.gaengeviertel.de/wp-content/uploads/2020/04/16.03.08_GV_Fabrik_173-1024x726.jpg" alt="Copyright: Franziska Holz" /></figure></div>			</div>
												<div class="elementor-swiper-button elementor-swiper-button-prev" role="button" tabindex="0">
						<i aria-hidden="true" class="eicon-chevron-left"></i>					</div>
					<div class="elementor-swiper-button elementor-swiper-button-next" role="button" tabindex="0">
						<i aria-hidden="true" class="eicon-chevron-right"></i>					</div>
				
									</div>
						</div>
				</div>
					</div>
		</div>
				<div class="elementor-column elementor-col-33 elementor-top-column elementor-element elementor-element-3b3bce5" data-id="3b3bce5" data-element_type="column">
			<div class="elementor-widget-wrap elementor-element-populated">
						<div class="elementor-element elementor-element-327c240 elementor-widget elementor-widget-text-editor" data-id="327c240" data-element_type="widget" data-widget_type="text-editor.default">
				<div class="elementor-widget-container">
									<p>Seit 2009 fabriziert die Initiative „Komm in die Gänge“ hier nun Möglichkeiten aller Art: handgemachte, utopische, künstlerische, partizipative oder experimentelle Formate zum Anfassen, Anschauen, Anhören oder Aufessen.</p><p>Im Rahmen der Sanierungsmaßnahmen wurde das denkmalgeschützte Gebäude zum soziokulturellem Zentrum des Gängeviertels umgebaut. Zur barrierefreien Erschließung wurden ein zweites Treppenhaus und ein Aufzug eingebaut.</p><p>Der Umbau der FABRIQUE fand im Rahmen der Sanierung des Gängeviertels statt und ist Bestandteil des <a href="http://suche.transparenz.hamburg.de/dataset/fortschreibung-integriertes-entwicklungskonzept-iek-gaengeviertel-valentinskamp-beschlu-12-2019?forceWeb=true">Integrierten Entwicklungskonzeptes (IEK)</a>. Das IEK basiert auf dem Nutzungskonzept des Gängeviertels, das von der Initiative „Komm in die Gänge“ entwickelt wurde.</p>								</div>
				</div>
					</div>
		</div>
					</div>
		</section>
				<section class="elementor-section elementor-top-section elementor-element elementor-element-69080c2 elementor-section-boxed elementor-section-height-default elementor-section-height-default" data-id="69080c2" data-element_type="section">
						<div class="elementor-container elementor-column-gap-default">
					<div class="elementor-column elementor-col-100 elementor-top-column elementor-element elementor-element-3905e0e" data-id="3905e0e" data-element_type="column">
			<div class="elementor-widget-wrap elementor-element-populated">
						<div class="elementor-element elementor-element-e3c66ab elementor-widget elementor-widget-text-editor" data-id="e3c66ab" data-element_type="widget" data-widget_type="text-editor.default">
				<div class="elementor-widget-container">
									<p>Im März 2016 öffnete die FABRIQUE nach 18-monatiger Sanierung wieder ihre Türen. Der Hamburger Senat hat am 25. Juni 2019 den mit der<a href="https://gaengeviertel-eg.de/"> Gängeviertel Genossenschaft 2010 eG</a> verhandelten <a href="http://suche.transparenz.hamburg.de/dataset/erbbaurechtsvertrag-gaengeviertel-vom-09-08-2019">Erbbaurechtsvertrag</a> beschlossen, mit dem der Gängeviertel Genossenschaft eG die Verantwortung für die Nutzung und Unterhaltung der Gebäude des Gängeviertels für die nächsten 75 Jahre übertragen wurde.</p>								</div>
				</div>
					</div>
		</div>
					</div>
		</section>
				</div>

<p>Geschichte der Fabrique Die Fabrique wurde 1903 von dem Gürtler und Plattierer Johann C.S. Amsberg errichtet. Das fünfschossige Gebäude mit seinen rund 1700 Quadratmetern erlebte [&#8230;]</p>
