{"id":29,"date":"2020-03-25T15:49:39","date_gmt":"2020-03-25T15:49:39","guid":{"rendered":"https:\/\/fabrique.gaengeviertel.de\/?page_id=29"},"modified":"2020-09-23T14:27:24","modified_gmt":"2020-09-23T14:27:24","slug":"angebote","status":"publish","type":"page","link":"https:\/\/fabrique.gaengeviertel.de\/index.php\/angebote\/","title":{"rendered":"Angebote"},"content":{"rendered":"\t\t<div data-elementor-type=\"wp-page\" data-elementor-id=\"29\" class=\"elementor elementor-29\">\n\t\t\t\t\t\t<section class=\"elementor-section elementor-top-section elementor-element elementor-element-e412e6b elementor-section-boxed elementor-section-height-default elementor-section-height-default\" data-id=\"e412e6b\" data-element_type=\"section\">\n\t\t\t\t\t\t<div class=\"elementor-container elementor-column-gap-default\">\n\t\t\t\t\t<div class=\"elementor-column elementor-col-100 elementor-top-column elementor-element elementor-element-0a366dd\" data-id=\"0a366dd\" data-element_type=\"column\">\n\t\t\t<div class=\"elementor-widget-wrap elementor-element-populated\">\n\t\t\t\t\t\t<div class=\"elementor-element elementor-element-ae2321c elementor-widget elementor-widget-heading\" data-id=\"ae2321c\" data-element_type=\"widget\" data-widget_type=\"heading.default\">\n\t\t\t\t<div class=\"elementor-widget-container\">\n\t\t\t\t\t<h2 class=\"elementor-heading-title elementor-size-default\">Du planst eine gr\u00f6\u00dfere Veranstaltung und brauchst mehrere R\u00e4ume?<\/h2>\t\t\t\t<\/div>\n\t\t\t\t<\/div>\n\t\t\t\t<div class=\"elementor-element elementor-element-cfaf0b6 elementor-widget elementor-widget-text-editor\" data-id=\"cfaf0b6\" data-element_type=\"widget\" data-widget_type=\"text-editor.default\">\n\t\t\t\t<div class=\"elementor-widget-container\">\n\t\t\t\t\t\t\t\t\t<p>Die Fabrique ist auch raum\u00fcbergreifend f\u00fcr Veranstaltungen verschiedenster Art nutzbar. Wir sind offen f\u00fcr Eure Ideen. Schreibt uns am Besten eine Mail mit Eurem Konzept, Wunschdatum und Raumbedarf an fabrique[\u00c4T]das-gaengeviertel.info.<\/p>\t\t\t\t\t\t\t\t<\/div>\n\t\t\t\t<\/div>\n\t\t\t\t<div class=\"elementor-element elementor-element-14d8410 elementor-widget elementor-widget-heading\" data-id=\"14d8410\" data-element_type=\"widget\" data-widget_type=\"heading.default\">\n\t\t\t\t<div class=\"elementor-widget-container\">\n\t\t\t\t\t<h2 class=\"elementor-heading-title elementor-size-default\">Komm uns besuchen!<\/h2>\t\t\t\t<\/div>\n\t\t\t\t<\/div>\n\t\t\t\t<div class=\"elementor-element elementor-element-4502575 elementor-widget elementor-widget-text-editor\" data-id=\"4502575\" data-element_type=\"widget\" data-widget_type=\"text-editor.default\">\n\t\t\t\t<div class=\"elementor-widget-container\">\n\t\t\t\t\t\t\t\t\t<p>Wir bieten historische, architektonische und auch k\u00fcnstlerische Rundg\u00e4nge durch das G\u00e4ngeviertel an und die M\u00f6glichkeit an einem f\u00fcr Euch ma\u00dfgeschneiderten Workshopprogramm (Siebdruck, Yoga, Kochen, Fotografie etc.) teilzunehmen. Schreibt uns gerne eine Mail mit Eurem Wunschdatum, Uhrzeit, der TeilnehmerInnen-Anzahl an fabrique[\u00c4T]das-gaengeviertel.info.<\/p>\t\t\t\t\t\t\t\t<\/div>\n\t\t\t\t<\/div>\n\t\t\t\t\t<\/div>\n\t\t<\/div>\n\t\t\t\t\t<\/div>\n\t\t<\/section>\n\t\t\t\t<\/div>\n\t\t","protected":false},"excerpt":{"rendered":"<p>Du planst eine gr\u00f6\u00dfere Veranstaltung und brauchst mehrere R\u00e4ume? Die Fabrique ist auch raum\u00fcbergreifend f\u00fcr Veranstaltungen verschiedenster Art nutzbar. Wir sind offen f\u00fcr Eure Ideen. [&#8230;]<\/p>\n","protected":false},"author":2,"featured_media":0,"parent":0,"menu_order":0,"comment_status":"closed","ping_status":"closed","template":"","meta":{"footnotes":""},"class_list":["post-29","page","type-page","status-publish","hentry"],"_links":{"self":[{"href":"https:\/\/fabrique.gaengeviertel.de\/index.php\/wp-json\/wp\/v2\/pages\/29","targetHints":{"allow":["GET"]}}],"collection":[{"href":"https:\/\/fabrique.gaengeviertel.de\/index.php\/wp-json\/wp\/v2\/pages"}],"about":[{"href":"https:\/\/fabrique.gaengeviertel.de\/index.php\/wp-json\/wp\/v2\/types\/page"}],"author":[{"embeddable":true,"href":"https:\/\/fabrique.gaengeviertel.de\/index.php\/wp-json\/wp\/v2\/users\/2"}],"replies":[{"embeddable":true,"href":"https:\/\/fabrique.gaengeviertel.de\/index.php\/wp-json\/wp\/v2\/comments?post=29"}],"version-history":[{"count":7,"href":"https:\/\/fabrique.gaengeviertel.de\/index.php\/wp-json\/wp\/v2\/pages\/29\/revisions"}],"predecessor-version":[{"id":718,"href":"https:\/\/fabrique.gaengeviertel.de\/index.php\/wp-json\/wp\/v2\/pages\/29\/revisions\/718"}],"wp:attachment":[{"href":"https:\/\/fabrique.gaengeviertel.de\/index.php\/wp-json\/wp\/v2\/media?parent=29"}],"curies":[{"name":"wp","href":"https:\/\/api.w.org\/{rel}","templated":true}]}}

<div data-elementor-type="wp-page" data-elementor-id="29" class="elementor elementor-29">
						<section class="elementor-section elementor-top-section elementor-element elementor-element-e412e6b elementor-section-boxed elementor-section-height-default elementor-section-height-default" data-id="e412e6b" data-element_type="section">
						<div class="elementor-container elementor-column-gap-default">
					<div class="elementor-column elementor-col-100 elementor-top-column elementor-element elementor-element-0a366dd" data-id="0a366dd" data-element_type="column">
			<div class="elementor-widget-wrap elementor-element-populated">
						<div class="elementor-element elementor-element-ae2321c elementor-widget elementor-widget-heading" data-id="ae2321c" data-element_type="widget" data-widget_type="heading.default">
				<div class="elementor-widget-container">
					<h2 class="elementor-heading-title elementor-size-default">Du planst eine größere Veranstaltung und brauchst mehrere Räume?</h2>				</div>
				</div>
				<div class="elementor-element elementor-element-cfaf0b6 elementor-widget elementor-widget-text-editor" data-id="cfaf0b6" data-element_type="widget" data-widget_type="text-editor.default">
				<div class="elementor-widget-container">
									<p>Die Fabrique ist auch raumübergreifend für Veranstaltungen verschiedenster Art nutzbar. Wir sind offen für Eure Ideen. Schreibt uns am Besten eine Mail mit Eurem Konzept, Wunschdatum und Raumbedarf an fabrique[ÄT]das-gaengeviertel.info.</p>								</div>
				</div>
				<div class="elementor-element elementor-element-14d8410 elementor-widget elementor-widget-heading" data-id="14d8410" data-element_type="widget" data-widget_type="heading.default">
				<div class="elementor-widget-container">
					<h2 class="elementor-heading-title elementor-size-default">Komm uns besuchen!</h2>				</div>
				</div>
				<div class="elementor-element elementor-element-4502575 elementor-widget elementor-widget-text-editor" data-id="4502575" data-element_type="widget" data-widget_type="text-editor.default">
				<div class="elementor-widget-container">
									<p>Wir bieten historische, architektonische und auch künstlerische Rundgänge durch das Gängeviertel an und die Möglichkeit an einem für Euch maßgeschneiderten Workshopprogramm (Siebdruck, Yoga, Kochen, Fotografie etc.) teilzunehmen. Schreibt uns gerne eine Mail mit Eurem Wunschdatum, Uhrzeit, der TeilnehmerInnen-Anzahl an fabrique[ÄT]das-gaengeviertel.info.</p>								</div>
				</div>
					</div>
		</div>
					</div>
		</section>
				</div>

<p>Du planst eine größere Veranstaltung und brauchst mehrere Räume? Die Fabrique ist auch raumübergreifend für Veranstaltungen verschiedenster Art nutzbar. Wir sind offen für Eure Ideen. [&#8230;]</p>
